{"id":1239,"date":"2019-06-04T16:28:35","date_gmt":"2019-06-04T15:28:35","guid":{"rendered":"http:\/\/www.transports-mettelle.fr\/transports-logistique\/?page_id=1239"},"modified":"2019-06-04T16:40:30","modified_gmt":"2019-06-04T15:40:30","slug":"logistique-vallee-de-la-bresle","status":"publish","type":"page","link":"https:\/\/www.transports-mettelle.fr\/transports-logistique\/logistique-vallee-de-la-bresle\/","title":{"rendered":"logistique vall\u00e9e de la bresle"},"content":{"rendered":"\t\t<div data-elementor-type=\"wp-post\" data-elementor-id=\"1239\" class=\"elementor elementor-1239\" data-elementor-settings=\"[]\">\n\t\t\t\t\t\t<div class=\"elementor-inner\">\n\t\t\t\t\t\t\t<div class=\"elementor-section-wrap\">\n\t\t\t\t\t\t\t<section class=\"elementor-section elementor-top-section elementor-element elementor-element-cda5eea elementor-section-stretched elementor-section-boxed elementor-section-height-default elementor-section-height-default\" data-id=\"cda5eea\" data-element_type=\"section\" data-settings=\"{&quot;stretch_section&quot;:&quot;section-stretched&quot;}\">\n\t\t\t\t\t\t<div class=\"elementor-container elementor-column-gap-default\">\n\t\t\t\t\t\t\t<div class=\"elementor-row\">\n\t\t\t\t\t<div class=\"elementor-column elementor-col-50 elementor-top-column elementor-element elementor-element-5554d043\" data-id=\"5554d043\" data-element_type=\"column\" data-settings=\"{&quot;background_background&quot;:&quot;classic&quot;}\">\n\t\t\t<div class=\"elementor-column-wrap elementor-element-populated\">\n\t\t\t\t\t\t\t<div class=\"elementor-widget-wrap\">\n\t\t\t\t\t\t<div class=\"elementor-element elementor-element-799e3206 elementor-widget elementor-widget-heading\" data-id=\"799e3206\" data-element_type=\"widget\" data-widget_type=\"heading.default\">\n\t\t\t\t<div class=\"elementor-widget-container\">\n\t\t\t<h2 class=\"elementor-heading-title elementor-size-default\">Logistique vall\u00e9e<br> de la bresle<\/h2>\t\t<\/div>\n\t\t\t\t<\/div>\n\t\t\t\t<div class=\"elementor-element elementor-element-197829b6 elementor-widget-divider--view-line elementor-widget elementor-widget-divider\" data-id=\"197829b6\" data-element_type=\"widget\" data-widget_type=\"divider.default\">\n\t\t\t\t<div class=\"elementor-widget-container\">\n\t\t\t\t\t<div class=\"elementor-divider\">\n\t\t\t<span class=\"elementor-divider-separator\">\n\t\t\t\t\t\t<\/span>\n\t\t<\/div>\n\t\t\t\t<\/div>\n\t\t\t\t<\/div>\n\t\t\t\t\t\t<\/div>\n\t\t\t\t\t<\/div>\n\t\t<\/div>\n\t\t\t\t<div class=\"elementor-column elementor-col-50 elementor-top-column elementor-element elementor-element-b825d55\" data-id=\"b825d55\" data-element_type=\"column\" data-settings=\"{&quot;background_background&quot;:&quot;classic&quot;}\">\n\t\t\t<div class=\"elementor-column-wrap elementor-element-populated\">\n\t\t\t\t\t\t\t<div class=\"elementor-widget-wrap\">\n\t\t\t\t\t\t<div class=\"elementor-element elementor-element-23c1b782 elementor-widget elementor-widget-text-editor\" data-id=\"23c1b782\" data-element_type=\"widget\" data-widget_type=\"text-editor.default\">\n\t\t\t\t<div class=\"elementor-widget-container\">\n\t\t\t\t\t\t\t\t<div class=\"elementor-text-editor elementor-clearfix\">\n\t\t\t\t\t<p><strong>Nous sommes heureux de vous annoncer l\u2019ouverture de notre nouveau b\u00e2timent logistique au c\u0153ur de la Vall\u00e9e de la Bresle, \u00e0 LONGROY.<\/strong><\/p><ul><li>A 20 minutes du Tr\u00e9port, 30 d\u2019Abbeville et 45 de Dieppe,<\/li><li>Sur pr\u00e8s de 5000 m\u00b2 couverts,<\/li><li>nous vous proposons 6000 emplacements palettes en rack<\/li><li>et 3000 en stock de masse.<\/li><\/ul>\t\t\t\t\t<\/div>\n\t\t\t\t\t\t<\/div>\n\t\t\t\t<\/div>\n\t\t\t\t\t\t<\/div>\n\t\t\t\t\t<\/div>\n\t\t<\/div>\n\t\t\t\t\t\t\t\t<\/div>\n\t\t\t\t\t<\/div>\n\t\t<\/section>\n\t\t\t\t<section class=\"elementor-section elementor-top-section elementor-element elementor-element-3066966 elementor-section-boxed elementor-section-height-default elementor-section-height-default\" data-id=\"3066966\" data-element_type=\"section\">\n\t\t\t\t\t\t<div class=\"elementor-container elementor-column-gap-default\">\n\t\t\t\t\t\t\t<div class=\"elementor-row\">\n\t\t\t\t\t<div class=\"elementor-column elementor-col-50 elementor-top-column elementor-element elementor-element-8f513aa\" data-id=\"8f513aa\" data-element_type=\"column\">\n\t\t\t<div class=\"elementor-column-wrap elementor-element-populated\">\n\t\t\t\t\t\t\t<div class=\"elementor-widget-wrap\">\n\t\t\t\t\t\t<div class=\"elementor-element elementor-element-fb9f1d0 elementor-arrows-position-inside elementor-widget elementor-widget-image-carousel\" data-id=\"fb9f1d0\" data-element_type=\"widget\" data-settings=\"{&quot;slides_to_show&quot;:&quot;1&quot;,&quot;navigation&quot;:&quot;arrows&quot;,&quot;autoplay&quot;:&quot;yes&quot;,&quot;pause_on_hover&quot;:&quot;yes&quot;,&quot;pause_on_interaction&quot;:&quot;yes&quot;,&quot;autoplay_speed&quot;:5000,&quot;infinite&quot;:&quot;yes&quot;,&quot;effect&quot;:&quot;slide&quot;,&quot;speed&quot;:500}\" data-widget_type=\"image-carousel.default\">\n\t\t\t\t<div class=\"elementor-widget-container\">\n\t\t\t\t\t<div class=\"elementor-image-carousel-wrapper swiper-container\" dir=\"ltr\">\n\t\t\t<div class=\"elementor-image-carousel swiper-wrapper\">\n\t\t\t\t<div class=\"swiper-slide\"><figure class=\"swiper-slide-inner\"><img class=\"swiper-slide-image\" src=\"https:\/\/www.transports-mettelle.fr\/transports-logistique\/wp-content\/uploads\/2019\/06\/logistique-valle-bresle-01.jpg\" alt=\"logistique-valle-bresle-01\" \/><\/figure><\/div><div class=\"swiper-slide\"><figure class=\"swiper-slide-inner\"><img class=\"swiper-slide-image\" src=\"https:\/\/www.transports-mettelle.fr\/transports-logistique\/wp-content\/uploads\/2019\/06\/logistique-valle-bresle-02.jpg\" alt=\"logistique-valle-bresle-02\" \/><\/figure><\/div>\t\t\t<\/div>\n\t\t\t\t\t\t\t\t\t\t\t\t\t\t\t\t<div class=\"elementor-swiper-button elementor-swiper-button-prev\">\n\t\t\t\t\t\t<i class=\"eicon-chevron-left\" aria-hidden=\"true\"><\/i>\n\t\t\t\t\t\t<span class=\"elementor-screen-only\">Pr\u00e9c\u00e9dent<\/span>\n\t\t\t\t\t<\/div>\n\t\t\t\t\t<div class=\"elementor-swiper-button elementor-swiper-button-next\">\n\t\t\t\t\t\t<i class=\"eicon-chevron-right\" aria-hidden=\"true\"><\/i>\n\t\t\t\t\t\t<span class=\"elementor-screen-only\">Suivant<\/span>\n\t\t\t\t\t<\/div>\n\t\t\t\t\t\t\t\t\t<\/div>\n\t\t\t\t<\/div>\n\t\t\t\t<\/div>\n\t\t\t\t\t\t<\/div>\n\t\t\t\t\t<\/div>\n\t\t<\/div>\n\t\t\t\t<div class=\"elementor-column elementor-col-50 elementor-top-column elementor-element elementor-element-8ef43ea\" data-id=\"8ef43ea\" data-element_type=\"column\">\n\t\t\t<div class=\"elementor-column-wrap elementor-element-populated\">\n\t\t\t\t\t\t\t<div class=\"elementor-widget-wrap\">\n\t\t\t\t\t\t<div class=\"elementor-element elementor-element-ae6c708 elementor-widget elementor-widget-heading\" data-id=\"ae6c708\" data-element_type=\"widget\" data-widget_type=\"heading.default\">\n\t\t\t\t<div class=\"elementor-widget-container\">\n\t\t\t<h2 class=\"elementor-heading-title elementor-size-default\">Un environnement silencieux et sans poussi\u00e8res,\ngr\u00e2ce \u00e0 l\u2019utilisation de chariots \u00e9lectriques et \u00e0 roues non marquantes.<\/h2>\t\t<\/div>\n\t\t\t\t<\/div>\n\t\t\t\t\t\t<\/div>\n\t\t\t\t\t<\/div>\n\t\t<\/div>\n\t\t\t\t\t\t\t\t<\/div>\n\t\t\t\t\t<\/div>\n\t\t<\/section>\n\t\t\t\t<section class=\"elementor-section elementor-top-section elementor-element elementor-element-3e8b6ff elementor-section-boxed elementor-section-height-default elementor-section-height-default\" data-id=\"3e8b6ff\" data-element_type=\"section\">\n\t\t\t\t\t\t<div class=\"elementor-container elementor-column-gap-default\">\n\t\t\t\t\t\t\t<div class=\"elementor-row\">\n\t\t\t\t\t<div class=\"elementor-column elementor-col-50 elementor-top-column elementor-element elementor-element-be57816\" data-id=\"be57816\" data-element_type=\"column\">\n\t\t\t<div class=\"elementor-column-wrap elementor-element-populated\">\n\t\t\t\t\t\t\t<div class=\"elementor-widget-wrap\">\n\t\t\t\t\t\t<div class=\"elementor-element elementor-element-fad595f elementor-widget elementor-widget-heading\" data-id=\"fad595f\" data-element_type=\"widget\" data-widget_type=\"heading.default\">\n\t\t\t\t<div class=\"elementor-widget-container\">\n\t\t\t<h2 class=\"elementor-heading-title elementor-size-default\">Nous sommes \u00e0 votre \u00e9coute pour vous proposer diverses op\u00e9rations logistiques \u00e0 la demande au 02 35 93 73 13<\/h2>\t\t<\/div>\n\t\t\t\t<\/div>\n\t\t\t\t\t\t<\/div>\n\t\t\t\t\t<\/div>\n\t\t<\/div>\n\t\t\t\t<div class=\"elementor-column elementor-col-50 elementor-top-column elementor-element elementor-element-7b863d7\" data-id=\"7b863d7\" data-element_type=\"column\">\n\t\t\t<div class=\"elementor-column-wrap elementor-element-populated\">\n\t\t\t\t\t\t\t<div class=\"elementor-widget-wrap\">\n\t\t\t\t\t\t<div class=\"elementor-element elementor-element-ca05500 elementor-widget elementor-widget-image\" data-id=\"ca05500\" data-element_type=\"widget\" data-widget_type=\"image.default\">\n\t\t\t\t<div class=\"elementor-widget-container\">\n\t\t\t\t\t\t\t\t<div class=\"elementor-image\">\n\t\t\t\t\t\t\t\t\t\t\t\t<img width=\"336\" height=\"597\" src=\"https:\/\/www.transports-mettelle.fr\/transports-logistique\/wp-content\/uploads\/2019\/06\/logistique-valle-bresle-04.jpg\" class=\"attachment-large size-large\" alt=\"\" loading=\"lazy\" srcset=\"https:\/\/www.transports-mettelle.fr\/transports-logistique\/wp-content\/uploads\/2019\/06\/logistique-valle-bresle-04.jpg 336w, https:\/\/www.transports-mettelle.fr\/transports-logistique\/wp-content\/uploads\/2019\/06\/logistique-valle-bresle-04-169x300.jpg 169w\" sizes=\"(max-width: 336px) 100vw, 336px\" \/>\t\t\t\t\t\t\t\t\t\t\t\t\t\t<\/div>\n\t\t\t\t\t\t<\/div>\n\t\t\t\t<\/div>\n\t\t\t\t\t\t<\/div>\n\t\t\t\t\t<\/div>\n\t\t<\/div>\n\t\t\t\t\t\t\t\t<\/div>\n\t\t\t\t\t<\/div>\n\t\t<\/section>\n\t\t\t\t<section class=\"elementor-section elementor-top-section elementor-element elementor-element-8e1fc5d elementor-section-boxed elementor-section-height-default elementor-section-height-default\" data-id=\"8e1fc5d\" data-element_type=\"section\">\n\t\t\t\t\t\t<div class=\"elementor-container elementor-column-gap-default\">\n\t\t\t\t\t\t\t<div class=\"elementor-row\">\n\t\t\t\t\t<div class=\"elementor-column elementor-col-100 elementor-top-column elementor-element elementor-element-22d0d43\" data-id=\"22d0d43\" data-element_type=\"column\">\n\t\t\t<div class=\"elementor-column-wrap elementor-element-populated\">\n\t\t\t\t\t\t\t<div class=\"elementor-widget-wrap\">\n\t\t\t\t\t\t<div class=\"elementor-element elementor-element-354c6ca elementor-widget elementor-widget-image\" data-id=\"354c6ca\" data-element_type=\"widget\" data-widget_type=\"image.default\">\n\t\t\t\t<div class=\"elementor-widget-container\">\n\t\t\t\t\t\t\t\t<div class=\"elementor-image\">\n\t\t\t\t\t\t\t\t\t\t\t\t<img width=\"1024\" height=\"576\" src=\"https:\/\/www.transports-mettelle.fr\/transports-logistique\/wp-content\/uploads\/2019\/06\/20170321_130954-1024x576.jpg\" class=\"attachment-large size-large\" alt=\"\" loading=\"lazy\" srcset=\"https:\/\/www.transports-mettelle.fr\/transports-logistique\/wp-content\/uploads\/2019\/06\/20170321_130954-1024x576.jpg 1024w, https:\/\/www.transports-mettelle.fr\/transports-logistique\/wp-content\/uploads\/2019\/06\/20170321_130954-300x169.jpg 300w, https:\/\/www.transports-mettelle.fr\/transports-logistique\/wp-content\/uploads\/2019\/06\/20170321_130954-768x432.jpg 768w, https:\/\/www.transports-mettelle.fr\/transports-logistique\/wp-content\/uploads\/2019\/06\/20170321_130954-150x85.jpg 150w, https:\/\/www.transports-mettelle.fr\/transports-logistique\/wp-content\/uploads\/2019\/06\/20170321_130954-1920x1080.jpg 1920w, https:\/\/www.transports-mettelle.fr\/transports-logistique\/wp-content\/uploads\/2019\/06\/20170321_130954-600x338.jpg 600w, https:\/\/www.transports-mettelle.fr\/transports-logistique\/wp-content\/uploads\/2019\/06\/20170321_130954.jpg 2048w\" sizes=\"(max-width: 1024px) 100vw, 1024px\" \/>\t\t\t\t\t\t\t\t\t\t\t\t\t\t<\/div>\n\t\t\t\t\t\t<\/div>\n\t\t\t\t<\/div>\n\t\t\t\t\t\t<\/div>\n\t\t\t\t\t<\/div>\n\t\t<\/div>\n\t\t\t\t\t\t\t\t<\/div>\n\t\t\t\t\t<\/div>\n\t\t<\/section>\n\t\t\t\t<section class=\"elementor-section elementor-top-section elementor-element elementor-element-7cfd060 elementor-section-boxed elementor-section-height-default elementor-section-height-default\" data-id=\"7cfd060\" data-element_type=\"section\">\n\t\t\t\t\t\t<div class=\"elementor-container elementor-column-gap-default\">\n\t\t\t\t\t\t\t<div class=\"elementor-row\">\n\t\t\t\t\t<div class=\"elementor-column elementor-col-100 elementor-top-column elementor-element elementor-element-ec91f82\" data-id=\"ec91f82\" data-element_type=\"column\">\n\t\t\t<div class=\"elementor-column-wrap\">\n\t\t\t\t\t\t\t<div class=\"elementor-widget-wrap\">\n\t\t\t\t\t\t\t\t<\/div>\n\t\t\t\t\t<\/div>\n\t\t<\/div>\n\t\t\t\t\t\t\t\t<\/div>\n\t\t\t\t\t<\/div>\n\t\t<\/section>\n\t\t\t\t\t\t<\/div>\n\t\t\t\t\t\t<\/div>\n\t\t\t\t\t<\/div>\n\t\t","protected":false},"excerpt":{"rendered":"<p>Logistique vall\u00e9e de la bresle Nous sommes heureux de vous annoncer l\u2019ouverture de notre nouveau b\u00e2timent logistique au c\u0153ur de la Vall\u00e9e de la Bresle, \u00e0 LONGROY. A 20 minutes du Tr\u00e9port, 30 d\u2019Abbeville et 45 de Dieppe, Sur pr\u00e8s de 5000 m\u00b2 couverts, nous vous proposons 6000 emplacements palettes en rack et 3000 en [&hellip;]<\/p>\n","protected":false},"author":1,"featured_media":0,"parent":0,"menu_order":0,"comment_status":"closed","ping_status":"closed","template":"page-templates\/fullwidth-content.php","meta":[],"_links":{"self":[{"href":"https:\/\/www.transports-mettelle.fr\/transports-logistique\/wp-json\/wp\/v2\/pages\/1239"}],"collection":[{"href":"https:\/\/www.transports-mettelle.fr\/transports-logistique\/wp-json\/wp\/v2\/pages"}],"about":[{"href":"https:\/\/www.transports-mettelle.fr\/transports-logistique\/wp-json\/wp\/v2\/types\/page"}],"author":[{"embeddable":true,"href":"https:\/\/www.transports-mettelle.fr\/transports-logistique\/wp-json\/wp\/v2\/users\/1"}],"replies":[{"embeddable":true,"href":"https:\/\/www.transports-mettelle.fr\/transports-logistique\/wp-json\/wp\/v2\/comments?post=1239"}],"version-history":[{"count":5,"href":"https:\/\/www.transports-mettelle.fr\/transports-logistique\/wp-json\/wp\/v2\/pages\/1239\/revisions"}],"predecessor-version":[{"id":1252,"href":"https:\/\/www.transports-mettelle.fr\/transports-logistique\/wp-json\/wp\/v2\/pages\/1239\/revisions\/1252"}],"wp:attachment":[{"href":"https:\/\/www.transports-mettelle.fr\/transports-logistique\/wp-json\/wp\/v2\/media?parent=1239"}],"curies":[{"name":"wp","href":"https:\/\/api.w.org\/{rel}","templated":true}]}}